48?
9
What is the hundreds digit of 350972?
9
What is the hundred thousands digit of 10843097?
8
What is the ten thousands digit of 278477?
7
What is the thousands digit of 306881?
6
What is the tens digit of 860720?
2
What is the units digit of 175278?
8
What is the hundred thousands digit of 463578?
4
What is the hundreds digit of 393342?
3
What is the tens digit of 23262?
6
What is the thousands digit of 55570?
5
What is the hundreds digit of 98664?
6
What is the thousands digit of 550087?
0
What is the hundreds digit of 5330483?
4
What is the thousands digit of 834150?
4
What is the hundred thousands digit of 3234930?
2
What is the tens digit of 11313547?
4
What is the hundred thousands digit of 3578668?
5
What is the ten thousands digit of 1101185?
0
What is the millions digit of 2617247?
2
What is the millions digit of 1752999?
1
What is the thousands digit of 709054?
9
What is the hundreds digit of 35485?
4
What is the hundreds digit of 728174?
1
What is the ten thousands digit of 20186372?
8
What is the hundreds digit of 10254923?
9
What is the units digit of 387471?
1
What is the ten thousands digit of 309478?
0
What is the hundreds digit of 169158?
1
What is the hundred thousands digit of 330711?
3
What is the ten thousands digit of 352468?
5
What is the units digit of 31454?
4
What is the millions digit of 7010429?
7
What is the ten thousands digit of 15133337?
3
What is the hundreds digit of 901967?
9
What is the units digit of 141450?
0
What is the thousands digit of 446027?
6
What is the hundreds digit of 14824797?
7
What is the ten thousands digit of 1260114?
6
What is the thousands digit of 499954?
9
What is the hundred thousands digit of 3022337?
0
What is the hundred thousands digit of 3552662?
5
What is the thousands digit of 126178?
6
What is the thousands digit of 2520790?
0
What is the ten thousands digit of 6044939?
4
What is the ten millions digit of 16500222?
1
What is the thousands digit of 237122?
7
What is the tens digit of 825234?
3
What is the tens digit of 1844440?
4
What is the units digit of 8101916?
6
What is the hundred thousands digit of 161720?
1
What is the hundreds digit of 1849822?
8
What is the thousands digit of 96475?
6
What is the units digit of 648564?
4
What is the tens digit of 497946?
4
What is the thousands digit of 309557?
9
What is the ten thousands digit of 175095?
7
What is the ten thousands digit of 3317773?
1
What is the millions digit of 7115281?
7
What is the tens digit of 243304?
0
What is the thousands digit of 11478384?
8
What is the millions digit of 24771955?
4
What is the hundreds digit of 86020?
0
What is the ten thousands digit of 741534?
4
What is the ten thousands digit of 523724?
2
What is the thousands digit of 206873?
6
What is the ten thousands digit of 4580569?
8
What is the tens digit of 5750497?
9
What is the hundred thousands digit of 458902?
4
What is the millions digit of 5326529?
5
What is the units digit of 8269574?
4
What is the hundred thousands digit of 699921?
6
What is the hundreds digit of 154076?
0
What is the tens digit of 1330866?
6
What is the hundreds digit of 569?
5
What is the ten millions digit of 12104668?
1
What is the thousands digit of 2064680?
4
What is the tens digit of 837559?
5
What is the hundred thousands digit of 666403?
6
What is the hundreds digit of 80162?
1
What is the thousands digit of 1253413?
3
What is the tens digit of 1456254?
5
What is the hundred thousands digit of 6610992?
6
What is the ten thousands digit of 65756?
6
What is the hundreds digit of 404198?
1
What is the hundred thousands digit of 5344751?
3
What is the hundred thousands digit of 286733?
2
What is the units digit of 268069?
9
What is the tens digit of 378332?
3
What is the units digit of 2564895?
5
What is the thousands digit of 10034008?
4
What is the units digit of 16832894?
4
What is the hundreds digit of 6584120?
1
What is the thousands digit of 1775701?
5
What is the hundred thousands digit of 418673?
4
What is the thousands digit of 1173055?
3
What is the millions digit of 1641712?
1
What is the hundred thousands digit of 607518?
6
What is the units digit of 5113648?
8
What is the hundred thousands digit of 4534951?
5
What is the ten thousands digit of 1839043?
3
What is the hundreds digit of 9782237?
2
What is the tens digit of 152077?
7
What is the units digit of 7004?
4
What is the thousands digit of 422088?
2
What is the hundreds digit of 17949093?
0
What is the hundred thousands digit of 868986?
8
What is the tens digit of 221136?
3
What is the hundred thousands digit of 372616?
3
What is the thousands digit of 114333?
4
What is the tens digit of 658215?
1
What is the hundred thousands digit of 3962149?
9
What is the millions digit of 6167755?
6
What is the tens digit of 4733873?
7
What is the hundreds digit of 70797?
7
What is the ten thousands digit of 9776220?
7
What is the hundred thousands digit of 2808515?
8
What is the hundreds digit of 1603191?
1
What is the thousands digit of 70559?
0
What is the ten thousands digit of 603447?
0
What is the ten millions digit of 18017038?
1
What is the hundred thousands digit of 3369839?
3
What is the hundreds digit of 1682961?
9
What is the tens digit of 1609843?
4
What is the millions digit of 10172163?
0
What is the tens digit of 125070?
7
What is the tens digit of 1055695?
9
What is the tens digit of 1545142?
4
What is the tens digit of 1627187?
8
What is the units digit of 11226780?
0
What is the thousands digit of 403140?
3
What is the thousands digit of 5441233?
1
What is the hundred thousands digit of 3731479?
7
What is the units digit of 432686?
6
What is the ten thousands digit of 13636216?
3
What is the tens digit of 12924013?
1
What is the hundred thousands digit of 2723035?
7
What is the ten thousands digit of 314331?
1
What is the hundreds digit of 602059?
0
What is the tens digit of 8387957?
5
What is the hundreds digit of 134819?
8
What is the hundred thousands digit of 2610683?
6
What is the units digit of 8239320?
0
What is the hundred thousands digit of 475658?
4
What is the tens digit of 15406305?
0
What is the ten thousands digit of 1167743?
6
What is the tens digit of 85783?
8
What is the hundreds digit of 6034747?
7
What is the ten thousands digit of 143692?
4
What is the units digit of 456986?
6
What is the ten thousands digit of 749344?
4
What is the units digit of 117740?
0
What is the hundred thousands digit of 742921?
7
What is the units digit of 657909?
9
What is the hundred thousands digit of 3474446?
4
What is the tens digit of 4042538?
3
What is the hundreds digit of 122514?
5
What is the hundreds digit of 153889?
8
What is the units digit of 8875663?
3
What is the tens digit of 6105338?
3
What is the thousands digit of 1568077?
8
What is the hundreds digit of 9675314?
3
What is the units digit of 9497732?
2
What is the ten thousands digit of 15874714?
7
What is the hundreds digit of 389567?
5
What is the hundred thousands digit of 1112191?
1
What is the thousands digit of 3157512?
7
What is the units digit of 1228892?
2
What is the millions digit of 3416479?
3
What is the hundreds digit of 8066?
0
What is the units digit of 34329669?
9
What is the thousands digit of 340953?
0
What is the millions digit of 9719798?
9
What is the ten thousands digit of 513964?
1
What is the hundred thousands digit of 310066?
3
What is the tens digit of 106216?
1
What is the tens digit of 1050351?
5
What is the hundred thousands digit of 494119?
4
What is the millions digit of 8418551?
8
What is the hundreds digit of 1128377?
3
What is the hundred thousands digit of 1775414?
7
What is the hundred thousands digit of 11983769?
9
What is the ten thousands digit of 1079856?
7
What is the ten thousands digit of 19945095?
4
What is the units digit of 19359547?
7
What is the tens digit of 268553?
5
What is the thousands digit of 2328369?
8
What is the units digit of 298506?
6
What is the hundred thousands digit of 4535649?
5
What is the hundreds digit of 64336?
3
What is the hundred thousands digit of 612284?
6
What is the ten thousands digit of 1537582?
3
What is the thousands digit of 2956643?
6
What is the ten thousands digit of 34682527?
8
What is the units digit of 739944?
4
What is the tens dig